Let b(r) be the second derivative of -17*r - 1/12*r**4 - 2*r**2 - 7/6*r**3 + 0. Calculate b(-6).
2
Let k(d) = 2*d + 19. Let g be k(0). Suppose g*n = 20*n + 1. Let v(s) = -5*s**2 - s - 1. Give v(n).
-5
Suppose 4 = -4*r, 0 = 2*o + 10*r - 9*r - 7. Let w(s) be the first derivative of 5*s + o - 3/2*s**2. Give w(6).
-13
Let p(n) = n + 12. Let o(w) = 10*w - 20. Let l(z) = -o(z) + 2*p(z). Give l(5).
4
Let q(h) be the third derivative of 0*h**3 + 1/60*h**5 + 0*h - 16*h**2 + 0 + 5/24*h**4. Calculate q(-6).
6
Let j(a) = 5. Let d(y) = -y + 28. Let i(r) = -2*d(r) + 11*j(r). Give i(-3).
-7
Let t = -61 - -69. Let h(p) = -7 - 7*p + p - 3*p + t*p. Suppose -f + n + 4 = 4*n, -5*f + 5*n = 40. Give h(f).
-2
Suppose -4*s - 2*w + 52 = 0, -2*s - 4*w + 68 = 3*s. Let q(b) be the third derivative of -b**5/60 + 7*b**4/12 - 8*b**3/3 - 32*b**2. Calculate q(s).
8
Let z(c) = -6*c + 2. Let d(t) be the second derivative of 0 + 1/12*t**4 - 5*t - t**2 - 1/2*t**3. Let w be d(4). Give z(w).
-10
Suppose 12 - 82 = 5*x. Let f(n) = 2*n + 33. What is f(x)?
5
Let z(b) = 9*b**2 - 16*b + 39. Let v(p) = 4*p**2 - 8*p + 19. Let a(d) = 7*v(d) - 3*z(d). Determine a(4).
0
Suppose 17*o = -417 + 468. Let p(k) be the first derivative of k**4/4 - k**3 - k**2/2 - 4*k + 1. Calculate p(o).
-7
Let h(w) = 70*w - 33*w - 38*w - 8. Determine h(-6).
-2
Let j(b) = 14*b**2 + b - 1. Let n = -424 + 425. What is j(n)?
14
Let a(g) be the second derivative of g**5/60 - g**4/3 + g**3/6 + 3*g**2/2 - 20*g. Let m(h) be the first derivative of a(h). Determine m(6).
-11
Let k(f) be the third derivative of f**6/120 - f**5/60 - f**4/12 + 5*f**3/6 + 72*f**2. Determine k(0).
5
Let m(i) = -3*i**3 - 3*i**2 - i + 1. Let n be m(-1). Let r(v) = 1 + 3 - v**n + 171*v - 174*v. What is r(-5)?
-6
Let g(m) be the second derivative of -m**7/630 - m**6/720 - m**4/12 - m. Let o(c) be the third derivative of g(c). Suppose 1 = -21*j + 22*j. Calculate o(j).
-5
Let b(k) = 4 + 7*k + 2*k**2 - k**2 - 2*k. Let j(u) = 11*u + 33. Let d(m) = -7*m - 22. Let r(y) = 8*d(y) + 5*j(y). Let s be r(-6). Determine b(s).
4
Let x = 516 - 511. Let u(i) = -i**2 + 3*i + 7. What is u(x)?
-3
Let i = -15 - -21. Let g(c) be the first derivative of c**4/12 - 7*c**3/6 + 2*c**2 - 7*c + 10. Let h(f) be the first derivative of g(f). What is h(i)?
-2
Let s(d) = d**2 + d + 3. Let h be 19*-3 - 16/(-12)*3. Let t = -53 - h. Give s(t).
3
Let f(j) be the third derivative of 1/120*j**6 + 0 + 1/3*j**3 + 0*j + 1/10*j**5 - 2*j**2 + 1/4*j**4. What is f(-5)?
-3
Let v(r) = 1958*r**2 - 1953*r**2 - 3 + 12*r - 4*r - r**3. What is v(6)?
9
Let a(y) = y**2 + 15*y + 8. Let m(q) = q**2 + 14*q + 7. Let b(d) = -4*a(d) + 3*m(d). Determine b(-17).
6
Let r = 0 + 13. Let s(i) = r + 3*i - 7*i + 4*i + i. Give s(0).
13
Let v(r) = -3*r + 1232*r**2 + 13 - 1222*r**2 - 8*r - r**3 - 6*r. What is v(8)?
5
Let p(f) be the first derivative of -f**4/4 - 5*f**3/3 + 3*f**2 - 4*f - 4. Suppose 5*x + 2*w = -38, -w - 3*w = -3*x - 2. Determine p(x).
-4
Let a = -13 + 12. Let g be (-14)/(5 + -4 - a). Let q(s) = -s**3 - 7*s**2 - 2*s - 5. Calculate q(g).
9
Let m(y) = y**3 - 4*y**2 - 5*y + 6. Let c = 40 + -36. Suppose j - 6 = i - 16, 0 = -c*i - 4*j. Give m(i).
6
Let d(u) = u**3 + 8*u**2 - 21*u - 6. Let g be d(-10). Let b be -1 + (-1 + g + -3 - 3). Let y(f) = f**3 + 6*f**2 + 6*f + 1. Give y(b).
9
Let s(u) = u - 29. Let w(m) = -25. Let c(z) = 5*s(z) - 6*w(z). Determine c(-11).
-50
Let p(g) be the second derivative of g**4/12 - g**3/2 + 11*g**2/2 - 14*g. Let i(c) be the first derivative of p(c). Give i(-4).
-11
Suppose -5*m + 19 = -2*o, 2*o - o + m + 6 = 0. Let z(j) be the second derivative of j**5/20 + j**4/2 - 5*j**3/3 - 5*j**2/2 + 2*j. Determine z(o).
16
Let z be 36/(-8) - (-1)/(-2). Let s(u) = 2*u + 3. Let p(b) = -3*b - 6. Let w(r) = z*s(r) - 3*p(r). Let v be (-324)/(-78) - 4/26. What is w(v)?
-1
Let i(w) = 7*w**2 + 25*w - 3. Let k(o) = -3*o**2 - 12*o + 1. Let b(d) = -4*i(d) - 9*k(d). Calculate b(9).
-6
Let o(j) = -7*j**2 + 2*j - 1. Let k(i) = -i**3 + 7*i**2 + 14*i - 18. Let z be k(8). Let t = 31 - z. Determine o(t).
-6
Let g(l) be the second derivative of -13*l - 1/6*l**3 + 1/2*l**2 + 0. Determine g(7).
-6
Let m be 742/91 + 2/(-13). Suppose 0 = -15*r + 11*r + m. Let y(w) = -6*w + 4. Let f(x) = -5*x + 3. Let p(u) = -4*f(u) + 3*y(u). What is p(r)?
4
Let o(r) = r**3 - 9*r**2 - r + 10. Suppose 108 = 9*q + 3*q. Determine o(q).
1
Let u(n) be the second derivative of n**5/60 - n**4/8 + 20*n**3/3 - 4*n - 1. Let m(p) be the second derivative of u(p). Calculate m(-3).
-9
Let d(m) be the second derivative of -m**5/20 + 7*m**4/12 - m**3/3 + 4*m**2 - 14*m + 2. Give d(7).
-6
Let h(b) be the third derivative of 2*b**5/15 + b**4/12 + b**3/2 - 5*b**2 - 7*b. Calculate h(-1).
9
Let q(u) = 10*u + 15. Let c be q(-2). Suppose 17 = 3*x - 4. Let f(o) = x + 0*o + 4*o - 5*o. What is f(c)?
12
Suppose 81*v - 45 = 76*v. Let x(b) = -b**2 + 12*b - 21. What is x(v)?
6
Let p(o) = -3*o. Let a(b) = -7*b. Let l be a(5). Let w = 37 + l. Calculate p(w).
-6
Let i(r) be the third derivative of -r**5/30 - 3*r**4/4 - 5*r**3/6 + 879*r**2. What is i(-8)?
11
Let w(o) = 15*o**3 + 14*o**2 - 14*o + 17. Let f(j) = -11*j**3 - 13*j**2 + 13*j - 16. Let r(d) = -4*f(d) - 3*w(d). Calculate r(9).
4
Suppose 0 = -4*l + 80 + 12. Let k = l - 18. Suppose -k = a - 11. Let g(d) = d**2 - 7*d + 5. Give g(a).
-1
Let v(h) = 51 + 0*h - 27 + 4*h - 26. What is v(-6)?
-26
Let o(i) = -5*i**2 + 119 - 108 + i**3 - 4*i + 10*i**2. Let v be o(-6). Let d(n) = 6*n**2. Give d(v).
6
Suppose -3*m - f = 3*f - 20, 4*m + 4*f - 20 = 0. Let b(p) = 0*p**2 - 4*p - p**3 + m - 7 + 7*p**2. Give b(6).
5
Let c = -6 + 6. Suppose 3 + c = x. Suppose 4 = x*a - 7*a. Let m(v) = 3*v. Give m(a).
-3
Let u(n) be the third derivative of -13*n**4/24 - n**3/6 - 48*n**2. Determine u(-1).
12
Let a(w) be the second derivative of w**5/20 - w**4/6 + w**3/6 - w**2/2 - 326*w. Let u = -7 - -10. Determine a(u).
11
Let k(a) = a - 4. Let x be k(3). Let o(y) = -28*y**3 - y + 1 + 17*y**3 + y. Calculate o(x).
12
Let f = 25 + -31. Let c(z) be the first derivative of -z**4/4 - 7*z**3/3 - 7*z**2/2 + 5*z - 22. Calculate c(f).
11
Let y(k) be the first derivative of 9*k**4/2 + k**3/3 - k + 23. Let b be ((-7)/14)/((-1)/(-2)*-1). What is y(b)?
18
Let o = -3 - 34. Let v = o - 3. Let b = v + 41. Let n(j) = 9*j**2 + 2*j - 1. What is n(b)?
10
Suppose -374 - 88 = 66*q. Let b(m) = m**2 + 6*m - 7. What is b(q)?
0
Let p be 36/(-24)*(-6)/3. Let n(m) = -m - 4. Calculate n(p).
-7
Let p = 40 + 103. Let c = p - 140. Let a(f) = f**3 - 3*f**2 - f + 3. What is a(c)?
0
Suppose -4*y = -5*y. Suppose -3*h - n - 10 = y, -4*n - 9 = 5*h + 3. Let k(l) = l + 2. Determine k(h).
-2
Let p(n) = -53*n - 58*n - n**2 - 59*n + 165*n + 1. Let z be (2 - (-4)/(-1))*3. Determine p(z).
-5
Let j(f) be the first derivative of 1/3*f**3 - 7*f + 5 + 2*f**2. Suppose 0 = -t - i - 3*i - 14, -5*t + 3*i - 24 = 0. Calculate j(t).
5
Let f be 3 + (-12)/(-4) + -1. Suppose -c + 1 = o + 2, 5*o - f*c = 35. Let b(h) = 6 + o*h - 2*h - h + h. What is b(-4)?
2
Let k(f) = -47 + 11 + 2*f + 41. Determine k(8).
21
Let u(d) be the second derivative of -d**3 + 0 + 1/120*d**5 + 1/12*d**4 + 0*d**2 + 2*d. Let h(m) be the second derivative of u(m). What is h(-2)?
0
Let w(r) = 0*r - 3300*r**3 + 0*r**2 + 3263*r**3 - 2*r**2 + 1 + 3*r**2 - 2*r. What is w(1)?
-37
Let h(n) = -10 + 13 + n**3 + 4*n**2 - 27*n + 8*n**2 + 0*n**3 + 14. What is h(-14)?
3
Let h(r) = -r**3 + r**2 + r + 9. Let n = 40 + -32. Let m = n - 8. Give h(m).
9
Let x(f) = f. Let p = -289 + 181. Let t = p + 103. What is x(t)?
-5
Let o(i) = 16 + i**2 - 15 - i - 5*i**2. Let y be (-48)/(-168)*(-7)/(-1). What is o(y)?
-17
Let h be 4/(5 - 1) - -1. Suppose -3*d + 0*k = -2*k - 6, 0 = -h*d - 2*k + 14. Let g(p) = -p**2 + 2*p - 5. Give g(d).
-13
Let p(g) = g**3 + 11*g**2 - g - 6. Let t(f) = -f - 37. Let q be t(12). Let m be 1 + (-1)/(q/(-12) + -4). What is p(m)?
5
Let u(n) = 5*n**3 + 3 - 6*n**3 + n**2 - 419*n + 421*n. What is u(-2)?
11
Suppose 4*o = 4*v - 12, -2*v - 11 - 1 = 4*o. Let c(b) = -b**3 - b**2 + b + 16. Determine c(v).
16
Let o(m) = -1 + 2*m**2 + 3*m - 4*m + 0*m + 0*m. Let c be o(2). Let i(b) = 0 + 0*b - c*b + 1 + 0*b. Determine i(-1).
6
Let o(l) be the first derivative of 2*l + 6 + 1/3*l**3 + 3*l**2. Give o(-4).
-6
Suppose -p + 6 = 5. Let y be (p + 3/(